{"id":14,"date":"2026-01-07T18:00:05","date_gmt":"2026-01-07T17:00:05","guid":{"rendered":"https:\/\/projekt.silkrime.pl\/?page_id=14"},"modified":"2026-01-07T19:08:24","modified_gmt":"2026-01-07T18:08:24","slug":"menu","status":"publish","type":"page","link":"https:\/\/projekt.silkrime.pl\/index.php\/menu\/","title":{"rendered":"Menu"},"content":{"rendered":"\n<div style=\"height:65px\" aria-hidden=\"true\" class=\"wp-block-spacer\"><\/div>\n\n\n\n<div class=\"wp-block-group alignfull has-global-padding is-layout-constrained wp-block-group-is-layout-constrained\">\n<div class=\"wp-block-group is-content-justification-center is-nowrap is-layout-flex wp-container-core-group-is-layout-23441af8 wp-block-group-is-layout-flex\">\n<div class=\"wp-block-columns are-vertically-aligned-center is-layout-flex wp-container-core-columns-is-layout-28f84493 wp-block-columns-is-layout-flex\">\n<div class=\"wp-block-column is-vertically-aligned-center is-layout-flow wp-block-column-is-layout-flow\" style=\"flex-basis:100%\">\n<div data-wp-context=\"{ &quot;autoclose&quot;: false, &quot;accordionItems&quot;: [] }\" data-wp-interactive=\"core\/accordion\" role=\"group\" class=\"wp-block-accordion is-layout-flow wp-block-accordion-is-layout-flow\">\n<div data-wp-class--is-open=\"state.isOpen\" data-wp-context=\"{ &quot;id&quot;: &quot;accordion-item-1&quot;, &quot;openByDefault&quot;: false }\" data-wp-init=\"callbacks.initAccordionItems\" data-wp-on-window--hashchange=\"callbacks.hashChange\" class=\"wp-block-accordion-item is-layout-flow wp-block-accordion-item-is-layout-flow\">\n<h3 class=\"wp-block-accordion-heading\"><button aria-expanded=\"false\" aria-controls=\"accordion-item-1-panel\" data-wp-bind--aria-expanded=\"state.isOpen\" data-wp-on--click=\"actions.toggle\" data-wp-on--keydown=\"actions.handleKeyDown\" id=\"accordion-item-1\" class=\"wp-block-accordion-heading__toggle\"><span class=\"wp-block-accordion-heading__toggle-title\">Przystawki<\/span><span class=\"wp-block-accordion-heading__toggle-icon\" aria-hidden=\"true\">+<\/span><\/button><\/h3>\n\n\n\n<div inert aria-labelledby=\"accordion-item-1\" data-wp-bind--inert=\"!state.isOpen\" id=\"accordion-item-1-panel\" role=\"region\" class=\"wp-block-accordion-panel is-layout-flow wp-block-accordion-panel-is-layout-flow\">\n<h5 class=\"wp-block-heading\">Sakiewki tofu &#8211; 18<\/h5>\n\n\n\n<p>tofu, ry\u017c, dymka, sezam, sriracha, majonez<\/p>\n\n\n\n<div style=\"height:34px\" aria-hidden=\"true\" class=\"wp-block-spacer\"><\/div>\n\n\n\n<h5 class=\"wp-block-heading\">Onigiri\/onigiri +\u00a0miso &#8211; 20<\/h5>\n\n\n\n<p>2&nbsp;szt. tu\u0144czyk\/groszek\/kaczka\/+majonez\/ry\u017c<\/p>\n\n\n\n<div style=\"height:34px\" aria-hidden=\"true\" class=\"wp-block-spacer\"><\/div>\n\n\n\n<h5 class=\"wp-block-heading\">Edamame &#8211; 16<\/h5>\n\n\n\n<p>fasolka sojowa+dressing, sezam<\/p>\n\n\n\n<div style=\"height:34px\" aria-hidden=\"true\" class=\"wp-block-spacer\"><\/div>\n\n\n\n<h5 class=\"wp-block-heading\">Kimchi &#8211; 16<\/h5>\n\n\n\n<div style=\"height:34px\" aria-hidden=\"true\" class=\"wp-block-spacer\"><\/div>\n<\/div>\n<\/div>\n\n\n\n<div data-wp-class--is-open=\"state.isOpen\" data-wp-context=\"{ &quot;id&quot;: &quot;accordion-item-2&quot;, &quot;openByDefault&quot;: false }\" data-wp-init=\"callbacks.initAccordionItems\" data-wp-on-window--hashchange=\"callbacks.hashChange\" class=\"wp-block-accordion-item is-layout-flow wp-block-accordion-item-is-layout-flow\">\n<h3 class=\"wp-block-accordion-heading\"><button aria-expanded=\"false\" aria-controls=\"accordion-item-2-panel\" data-wp-bind--aria-expanded=\"state.isOpen\" data-wp-on--click=\"actions.toggle\" data-wp-on--keydown=\"actions.handleKeyDown\" id=\"accordion-item-2\" class=\"wp-block-accordion-heading__toggle\"><span class=\"wp-block-accordion-heading__toggle-title\">Ramen<\/span><span class=\"wp-block-accordion-heading__toggle-icon\" aria-hidden=\"true\">+<\/span><\/button><\/h3>\n\n\n\n<div inert aria-labelledby=\"accordion-item-2\" data-wp-bind--inert=\"!state.isOpen\" id=\"accordion-item-2-panel\" role=\"region\" class=\"wp-block-accordion-panel is-layout-flow wp-block-accordion-panel-is-layout-flow\">\n<h5 class=\"wp-block-heading\">Tonkotsu &#8211; 43<\/h5>\n\n\n\n<p>Wywar:&nbsp;G\u0119sty kolagenowy wywar na bazie wieprzowiny&nbsp;<\/p>\n\n\n\n<p>Makaron:&nbsp;Cienki makaron Ramen<\/p>\n\n\n\n<p>Tare:&nbsp;Shoyu tare<\/p>\n\n\n\n<p>Dodatki:&nbsp;Boczek chaschu \/ olej Mayu \/ marynowane jajko \/ menma \/ pasta z czosnku \/&nbsp;\u2028dymka \/ pra\u017cony sezam<\/p>\n\n\n\n<div style=\"height:34px\" aria-hidden=\"true\" class=\"wp-block-spacer\"><\/div>\n\n\n\n<h5 class=\"wp-block-heading\">Ebi &#8211; 45<\/h5>\n\n\n\n<p>Wywar:&nbsp;Klarowny wywar na bazie kurczaka kukurydzianego<\/p>\n\n\n\n<p>Makaron:&nbsp;Cienki makaron Ramen<\/p>\n\n\n\n<p>Tare:&nbsp;Shoyu Tare<\/p>\n\n\n\n<p>Dodatki:&nbsp;Grillowane krewetki \/ batat \/ marakuja \/ dymka<\/p>\n\n\n\n<div style=\"height:34px\" aria-hidden=\"true\" class=\"wp-block-spacer\"><\/div>\n\n\n\n<h5 class=\"wp-block-heading\">Funky Tantanmen &#8211; 43<\/h5>\n\n\n\n<p>Wywar:&nbsp;G\u0119sty kolagenowy wywar na bazie wieprzowiny i kurczaka&nbsp;<\/p>\n\n\n\n<p>Makaron:&nbsp;Gruby makaron Ramen<\/p>\n\n\n\n<p>Tare:&nbsp;Orzechowe z japo\u0144sk\u0105 past\u0105 sezamow\u0105<\/p>\n\n\n\n<p>Dodatki:&nbsp;Mielone mi\u0119so wieprzowe z Nduj\u0105 \/ palona kapusta w\u0142oska \/ marynowane jajko \/ dymka \/ mas\u0142o Nduja \/ nitki chilli<\/p>\n\n\n\n<div style=\"height:34px\" aria-hidden=\"true\" class=\"wp-block-spacer\"><\/div>\n\n\n\n<h5 class=\"wp-block-heading\">Vegan Tantanmen &#8211; 42<\/h5>\n\n\n\n<p>Wywar:&nbsp;G\u0119sty wega\u0144ski wywar&nbsp;<\/p>\n\n\n\n<p>Makaron:&nbsp;Gruby makaron Ramen<\/p>\n\n\n\n<p>Tare:&nbsp;Vegan tantan tare<\/p>\n\n\n\n<p>Dodatki:&nbsp;Wega\u0144skie mi\u0119so mielone \/ palona kapusta w\u0142oska&nbsp; \/ nerkowce \/ olej Rayu \/ kukurydza \/ dymka<\/p>\n\n\n\n<div style=\"height:34px\" aria-hidden=\"true\" class=\"wp-block-spacer\"><\/div>\n\n\n\n<h5 class=\"wp-block-heading\">Gy\u016bniku &#8211; 42<\/h5>\n\n\n\n<p>Wywar:&nbsp;G\u0119sty wega\u0144ski wywar&nbsp;<\/p>\n\n\n\n<p>Makaron:&nbsp;Gruby makaron Ramen<\/p>\n\n\n\n<p>Tare:&nbsp;Vegan tantan tare<\/p>\n\n\n\n<p>Dodatki:&nbsp;Wega\u0144skie mi\u0119so mielone \/ palona kapusta w\u0142oska&nbsp; \/ nerkowce \/ olej Rayu \/ kukurydza \/ dymka<\/p>\n\n\n\n<div style=\"height:34px\" aria-hidden=\"true\" class=\"wp-block-spacer\"><\/div>\n\n\n\n<h5 class=\"wp-block-heading\">Tori Paitan &#8211; 40<\/h5>\n\n\n\n<p>Wywar:\u00a0G\u0119sty Kolagenowy Wywar<\/p>\n\n\n\n<p>Makaron:\u00a0Cienki makaron ramen<\/p>\n\n\n\n<p>Tare:\u00a0Shoyu Tare<\/p>\n\n\n\n<p>Dodatki:\u00a0Pier\u015b z kurczaka \/ Pak Choy \/ jajko \/ grillowane Portobello \/ kie\u0142ki \/ dymka \/ nori<\/p>\n\n\n\n<div style=\"height:34px\" aria-hidden=\"true\" class=\"wp-block-spacer\"><\/div>\n<\/div>\n<\/div>\n\n\n\n<div data-wp-class--is-open=\"state.isOpen\" data-wp-context=\"{ &quot;id&quot;: &quot;accordion-item-3&quot;, &quot;openByDefault&quot;: false }\" data-wp-init=\"callbacks.initAccordionItems\" data-wp-on-window--hashchange=\"callbacks.hashChange\" class=\"wp-block-accordion-item is-layout-flow wp-block-accordion-item-is-layout-flow\">\n<h3 class=\"wp-block-accordion-heading\"><button aria-expanded=\"false\" aria-controls=\"accordion-item-3-panel\" data-wp-bind--aria-expanded=\"state.isOpen\" data-wp-on--click=\"actions.toggle\" data-wp-on--keydown=\"actions.handleKeyDown\" id=\"accordion-item-3\" class=\"wp-block-accordion-heading__toggle\"><span class=\"wp-block-accordion-heading__toggle-title\">Dania g\u0142\u00f3wne<\/span><span class=\"wp-block-accordion-heading__toggle-icon\" aria-hidden=\"true\">+<\/span><\/button><\/h3>\n\n\n\n<div inert aria-labelledby=\"accordion-item-3\" data-wp-bind--inert=\"!state.isOpen\" id=\"accordion-item-3-panel\" role=\"region\" class=\"wp-block-accordion-panel is-layout-flow wp-block-accordion-panel-is-layout-flow\">\n<h5 class=\"wp-block-heading\">Kare raisu &#8211; 46<\/h5>\n\n\n\n<p>ry\u017c, mi\u0119so drobiowe, marchew, ziemniak, cebula, warzywa sezonowe, pikle, kimchi, zupa miso<\/p>\n\n\n\n<div style=\"height:34px\" aria-hidden=\"true\" class=\"wp-block-spacer\"><\/div>\n\n\n\n<h5 class=\"wp-block-heading\">Kare raisu vege &#8211; 45<\/h5>\n\n\n\n<p>ry\u017c, marchew, ziemniak, cebula, warzywa sezonowe, pikle, kimchi, zupa miso\/ros\u00f3\u0142 wege<\/p>\n\n\n\n<div style=\"height:34px\" aria-hidden=\"true\" class=\"wp-block-spacer\"><\/div>\n\n\n\n<h5 class=\"wp-block-heading\">Makaron udon z kaczk\u0105 &#8211; 37<\/h5>\n\n\n\n<p>udon, kaczka, marchew, por, imbir, cebula, czosnek, papryka, shitake, sos sojowy, pasta sezamowa, sriracha, orzechy nerkowca, sezam, groszek zielony, dymka<\/p>\n\n\n\n<div style=\"height:34px\" aria-hidden=\"true\" class=\"wp-block-spacer\"><\/div>\n\n\n\n<h5 class=\"wp-block-heading\">Grilowane tofu &#8211; 35<\/h5>\n\n\n\n<p>Marynowane tofu z grilla\/ glony wakame\/ rukola\/ sos sezamowy\/ posypka panko- chilli<\/p>\n\n\n\n<div style=\"height:34px\" aria-hidden=\"true\" class=\"wp-block-spacer\"><\/div>\n<\/div>\n<\/div>\n\n\n\n<div data-wp-class--is-open=\"state.isOpen\" data-wp-context=\"{ &quot;id&quot;: &quot;accordion-item-4&quot;, &quot;openByDefault&quot;: false }\" data-wp-init=\"callbacks.initAccordionItems\" data-wp-on-window--hashchange=\"callbacks.hashChange\" class=\"wp-block-accordion-item is-layout-flow wp-block-accordion-item-is-layout-flow\">\n<h3 class=\"wp-block-accordion-heading\"><button aria-expanded=\"false\" aria-controls=\"accordion-item-4-panel\" data-wp-bind--aria-expanded=\"state.isOpen\" data-wp-on--click=\"actions.toggle\" data-wp-on--keydown=\"actions.handleKeyDown\" id=\"accordion-item-4\" class=\"wp-block-accordion-heading__toggle\"><span class=\"wp-block-accordion-heading__toggle-title\">Dodatki<\/span><span class=\"wp-block-accordion-heading__toggle-icon\" aria-hidden=\"true\">+<\/span><\/button><\/h3>\n\n\n\n<div inert aria-labelledby=\"accordion-item-4\" data-wp-bind--inert=\"!state.isOpen\" id=\"accordion-item-4-panel\" role=\"region\" class=\"wp-block-accordion-panel is-layout-flow wp-block-accordion-panel-is-layout-flow\">\n<h6 class=\"wp-block-heading\">Jajko &#8211; 5<\/h6>\n\n\n\n<div style=\"height:34px\" aria-hidden=\"true\" class=\"wp-block-spacer\"><\/div>\n\n\n\n<h6 class=\"wp-block-heading\">Dodatkowy makaron &#8211; 10<\/h6>\n\n\n\n<div style=\"height:34px\" aria-hidden=\"true\" class=\"wp-block-spacer\"><\/div>\n\n\n\n<h6 class=\"wp-block-heading\">Dodatek mi\u0119sny &#8211; 10<\/h6>\n\n\n\n<div style=\"height:34px\" aria-hidden=\"true\" class=\"wp-block-spacer\"><\/div>\n\n\n\n<h6 class=\"wp-block-heading\">Krewetka w tempurze &#8211; 7<\/h6>\n\n\n\n<div style=\"height:34px\" aria-hidden=\"true\" class=\"wp-block-spacer\"><\/div>\n<\/div>\n<\/div>\n\n\n\n<div data-wp-class--is-open=\"state.isOpen\" data-wp-context=\"{ &quot;id&quot;: &quot;accordion-item-5&quot;, &quot;openByDefault&quot;: false }\" data-wp-init=\"callbacks.initAccordionItems\" data-wp-on-window--hashchange=\"callbacks.hashChange\" class=\"wp-block-accordion-item is-layout-flow wp-block-accordion-item-is-layout-flow\">\n<h3 class=\"wp-block-accordion-heading\"><button aria-expanded=\"false\" aria-controls=\"accordion-item-5-panel\" data-wp-bind--aria-expanded=\"state.isOpen\" data-wp-on--click=\"actions.toggle\" data-wp-on--keydown=\"actions.handleKeyDown\" id=\"accordion-item-5\" class=\"wp-block-accordion-heading__toggle\"><span class=\"wp-block-accordion-heading__toggle-title\">Napoje<\/span><span class=\"wp-block-accordion-heading__toggle-icon\" aria-hidden=\"true\">+<\/span><\/button><\/h3>\n\n\n\n<div inert aria-labelledby=\"accordion-item-5\" data-wp-bind--inert=\"!state.isOpen\" id=\"accordion-item-5-panel\" role=\"region\" class=\"wp-block-accordion-panel is-layout-flow wp-block-accordion-panel-is-layout-flow\">\n<h5 class=\"wp-block-heading\">Herbata &#8211; 13<\/h5>\n\n\n\n<h5 class=\"wp-block-heading\">Wywar z imbiru &#8211; 15<\/h5>\n\n\n\n<h5 class=\"wp-block-heading\">Woda &#8211; 7<\/h5>\n\n\n\n<h5 class=\"wp-block-heading\">Coca-cola &#8211; 9<\/h5>\n\n\n\n<h5 class=\"wp-block-heading\">Matcha &#8211; 12<\/h5>\n\n\n\n<h5 class=\"wp-block-heading\">Ramune &#8211; 14<\/h5>\n\n\n\n<h5 class=\"wp-block-heading\">Jumi &#8211; 10<\/h5>\n<\/div>\n<\/div>\n<\/div>\n<\/div>\n<\/div>\n<\/div>\n<\/div>\n","protected":false},"excerpt":{"rendered":"","protected":false},"author":1,"featured_media":0,"parent":0,"menu_order":0,"comment_status":"closed","ping_status":"closed","template":"","meta":{"footnotes":""},"class_list":["post-14","page","type-page","status-publish","hentry"],"_links":{"self":[{"href":"https:\/\/projekt.silkrime.pl\/index.php\/wp-json\/wp\/v2\/pages\/14","targetHints":{"allow":["GET"]}}],"collection":[{"href":"https:\/\/projekt.silkrime.pl\/index.php\/wp-json\/wp\/v2\/pages"}],"about":[{"href":"https:\/\/projekt.silkrime.pl\/index.php\/wp-json\/wp\/v2\/types\/page"}],"author":[{"embeddable":true,"href":"https:\/\/projekt.silkrime.pl\/index.php\/wp-json\/wp\/v2\/users\/1"}],"replies":[{"embeddable":true,"href":"https:\/\/projekt.silkrime.pl\/index.php\/wp-json\/wp\/v2\/comments?post=14"}],"version-history":[{"count":10,"href":"https:\/\/projekt.silkrime.pl\/index.php\/wp-json\/wp\/v2\/pages\/14\/revisions"}],"predecessor-version":[{"id":32,"href":"https:\/\/projekt.silkrime.pl\/index.php\/wp-json\/wp\/v2\/pages\/14\/revisions\/32"}],"wp:attachment":[{"href":"https:\/\/projekt.silkrime.pl\/index.php\/wp-json\/wp\/v2\/media?parent=14"}],"curies":[{"name":"wp","href":"https:\/\/api.w.org\/{rel}","templated":true}]}}